{"id":40,"date":"2025-08-30T11:48:40","date_gmt":"2025-08-30T11:48:40","guid":{"rendered":"https:\/\/darkred-sardine-478841.hostingersite.com\/ma-methode\/"},"modified":"2025-09-11T10:06:07","modified_gmt":"2025-09-11T10:06:07","slug":"ma-methode","status":"publish","type":"page","link":"https:\/\/ethansaya.com\/?page_id=40","title":{"rendered":"Ma m\u00e9thode"},"content":{"rendered":"<h2 dir=\"auto\">Une m\u00e9thode adapt\u00e9e \u00e0 chaque \u00e9l\u00e8ve<\/h2>\n<p class=\"body\" dir=\"auto\"><strong>D\u00e9couverte <\/strong><br \/>\nDiscussion \/ appel en amont pour faire connaissance, d\u00e9finir vos attentes, vos objectifs, la fr\u00e9quence des cours&#8230;<br \/>\n<strong><br \/>\nAvant chaque cours <\/strong><br \/>\nPetite discussion avec l&rsquo;\u00e9l\u00e8ve pour pr\u00e9parer la s\u00e9ance en fonction de ce qu&rsquo;il souhaite travailler.<br \/>\n<strong><br \/>\nD\u00e9roulement du cours<br \/>\n<\/strong>Travail s\u00e9rieux pendant 1 \u00e0 2h : cours sur un th\u00e8me strat\u00e9gique ou tactique puis exercices pour v\u00e9rifier que l&rsquo;\u00e9l\u00e8ve ma\u00eetrise bien le th\u00e8me, \u00e9tude de finales th\u00e9oriques, analyse de parties de grands ma\u00eetres, consolidation du r\u00e9pertoire d&rsquo;ouvertures de l&rsquo;\u00e9l\u00e8ve, analyse de ses propres parties afin de cerner ses points forts et ses points faibles&#8230; Tout au long de la s\u00e9ance, beaucoup de questions seront pos\u00e9es \u00e0 l&rsquo;\u00e9l\u00e8ve pour qu&rsquo;il soit actif et ainsi qu&rsquo;il progresse un maximum.<br \/>\n<strong><br \/>\nA la fin d&rsquo;un cours <\/strong><br \/>\nJ&rsquo;envoie \u00e0 l&rsquo;\u00e9l\u00e8ve s&rsquo;il le souhaite, les fichiers PGN des ouvertures et des parties que nous avons \u00e9tudi\u00e9es ainsi que les positions que nous avons travaill\u00e9es qu&rsquo;il pourra revoir de son c\u00f4t\u00e9, et si l&rsquo;\u00e9l\u00e8ve est tr\u00e8s motiv\u00e9, je peux lui donner des exercices \u00e0 faire d&rsquo;une s\u00e9ance \u00e0 l&rsquo;autre.<br \/>\n<strong><br \/>\nPour mes \u00e9l\u00e8ves de 8 \u00e0 13 ans<\/strong><br \/>\nJe propose un feedback (bilan) environ tous les mois pour faire le point avec les parents sur la progression de l&rsquo;enfant.<\/p>\n<p class=\"body\" dir=\"auto\"><strong>Bonus <\/strong><br \/>\nLors des tournois, je me tiendrai \u00e0 la disposition de l&rsquo;\u00e9l\u00e8ve s&rsquo;il a besoin de conseils, ou s&rsquo;il souhaite se pr\u00e9parer contre tel ou tel adversaire&#8230; l&rsquo;objectif \u00e9tant de l&rsquo;accompagner tout au long de sa progression.<\/p>\n<p class=\"body\" dir=\"auto\"><strong>Tarif horaire :<\/strong> 40 EUR<\/p>\n<h3 dir=\"auto\"><\/h3>\n<h2 dir=\"auto\">Qu&rsquo;en disent les \u00e9l\u00e8ves ?<\/h2>\n<p class=\"body\" dir=\"auto\"><strong>Pierre, 38 ans, Irlande <\/strong><br \/>\n<em>Je suis un des \u00e9l\u00e8ves d&rsquo;Ethan et je vous le recommande tr\u00e8s vivement comme entra\u00eeneur. En plus d&rsquo;\u00eatre tr\u00e8s sympa, ses explications sont plus que claires. M\u00eame si j&rsquo;oublie trop vite, mais \u00e7a c&rsquo;est de ma faute, pas de la sienne \ud83d\ude42 \ud83d\ude42 \ud83d\ude42<\/em><\/p>\n<p class=\"body\" dir=\"auto\"><strong>Patrick, 67 ans, Chamb\u00e9ry <\/strong><br \/>\n<em>Merci Ethan pour tes analyses de parties tr\u00e8s claires et surtout tr\u00e8s bien argument\u00e9es. Je conseille Ethan \u00e0 tous les \u00ab\u00a0pousseurs de bois passionn\u00e9s \u00a0\u00bb jusqu&rsquo;\u00e0 2000 Elo.\u00a0<\/em><\/p>\n","protected":false},"excerpt":{"rendered":"<p>Une m\u00e9thode adapt\u00e9e \u00e0 chaque \u00e9l\u00e8ve D\u00e9couverte Discussion \/ appel en amont pour faire connaissance, d\u00e9finir vos attentes, vos objectifs, la fr\u00e9quence des cours&#8230; Avant chaque cours Petite discussion avec l&rsquo;\u00e9l\u00e8ve pour pr\u00e9parer la s\u00e9ance en fonction de ce qu&rsquo;il souhaite travailler. D\u00e9roulement du cours Travail s\u00e9rieux pendant 1 \u00e0 2h : cours sur un [&hellip;]<\/p>\n","protected":false},"author":1,"featured_media":0,"parent":0,"menu_order":0,"comment_status":"closed","ping_status":"closed","template":"","meta":{"footnotes":""},"class_list":["post-40","page","type-page","status-publish","hentry"],"_links":{"self":[{"href":"https:\/\/ethansaya.com\/index.php?rest_route=\/wp\/v2\/pages\/40","targetHints":{"allow":["GET"]}}],"collection":[{"href":"https:\/\/ethansaya.com\/index.php?rest_route=\/wp\/v2\/pages"}],"about":[{"href":"https:\/\/ethansaya.com\/index.php?rest_route=\/wp\/v2\/types\/page"}],"author":[{"embeddable":true,"href":"https:\/\/ethansaya.com\/index.php?rest_route=\/wp\/v2\/users\/1"}],"replies":[{"embeddable":true,"href":"https:\/\/ethansaya.com\/index.php?rest_route=%2Fwp%2Fv2%2Fcomments&post=40"}],"version-history":[{"count":3,"href":"https:\/\/ethansaya.com\/index.php?rest_route=\/wp\/v2\/pages\/40\/revisions"}],"predecessor-version":[{"id":115,"href":"https:\/\/ethansaya.com\/index.php?rest_route=\/wp\/v2\/pages\/40\/revisions\/115"}],"wp:attachment":[{"href":"https:\/\/ethansaya.com\/index.php?rest_route=%2Fwp%2Fv2%2Fmedia&parent=40"}],"curies":[{"name":"wp","href":"https:\/\/api.w.org\/{rel}","templated":true}]}}